) be the third derivative of k**6/120 + k**5/60 + k**4/24 + k**3/2 + 3*k**2 + 34*k. Calculate r(-3).
-18
Let h be 17/4 + (-81)/(-108). Let s(u) = -3*u - 1. Give s(h).
-16
Let z(o) be the first derivative of -11 - 8/3*o**3 - 3*o**2 - 1/4*o**4 + 5*o. Calculate z(-7).
-2
Let y(p) = -24*p - 4*p**2 + 2958 + p**3 - 2961 + 21*p. Give y(3).
-21
Let x(z) = z**2 + 6*z. Suppose 5*f - 4*b = -39, -5*f + 9*b = 7*b + 37. What is x(f)?
7
Let u = -41 + 38. Let q(o) = -o**2 + 10. Let r be q(u). Let v(s) = 15*s**2 + 1. Calculate v(r).
16
Suppose t - 2*v = 15, 2*v = -4*t + 4 + 56. Let r(m) = -m**3 + 14*m**2 + 14*m + 8. Calculate r(t).
-7
Let x(a) = -25*a + 175 + a**2 - 177 + 19*a. What is x(4)?
-10
Let g(b) = b**2 + b + 1. Let j(i) = i**3 - 14*i**2 + 4*i - 16. Let a be 8/(-44) - (-39)/33. Let r(d) = a*j(d) + 6*g(d). What is r(7)?
11
Suppose 4*c = -5 + 1. Let z(n) = -3*n + 5. Let a be (-9)/21 - 90/(-14). Let u(o) = -4*o + 6. Let w(h) = a*u(h) - 7*z(h). Determine w(c).
4
Let w(a) be the first derivative of a**2/2 + 29*a + 351. Give w(-14).
15
Let q(a) be the third derivative of -a**4/8 - a**3/3 + a**2 - 4*a. Suppose 0 = 4*d + 11 + 13. Calculate q(d).
16
Let m(h) = h**3 - 1 - 4 - 197*h**2 + 195*h**2 + 2 + 0. Calculate m(4).
29
Let w(k) = -k - 1. Let u(d) be the second derivative of d + 5*d**2 + 0 + 1/6*d**3. Let o be u(-8). Calculate w(o).
-3
Let a(f) = -19*f - 1. Let m(c) = -2*c**3 + c**2 + 6*c + 4. Let r be m(-1). Determine a(r).
-20
Suppose -m + 10 = -b - 0, 3*b = 5*m - 42. Let r(s) = 7*s - 15. Suppose 7*h = 32 + 3. Let k(w) = -6*w + 14. Let c(y) = h*r(y) + 6*k(y). Give c(m).
3
Let u(w) be the second derivative of 0 - 2/3*w**3 - w**2 + 44*w. Calculate u(-4).
14
Let l(d) be the third derivative of -d**7/840 - d**6/72 + d**5/60 + d**4/4 + 25*d**3/6 - 45*d**2. Let q(a) be the first derivative of l(a). What is q(-5)?
-4
Suppose 2*f = -0*f - 2*f. Let k(d) = f*d**3 - 2*d**3 + d**3 - 3*d + 14 + 5*d**2 - 18. Give k(4).
0
Let y(h) = -9*h**2 + 101*h - 18. Let d be y(11). Let m(x) be the third derivative of 0 + 0*x**d - 4/3*x**3 + 0*x - 1/60*x**5 + 3*x**2. Give m(0).
-8
Let d be (-2)/(-5) - (-2)/(-5). Let s(w) = -w**3 + w**2 + w. Calculate s(d).
0
Let k(b) = -b + 1. Let j = -9 + 10. Suppose -j = -6*q + 7*q. Let s be (6 - 5)*(q + 0). Calculate k(s).
2
Let i(h) = 11*h - 1. Let l(b) = 58*b - 4. Let d(r) = 16*i(r) - 3*l(r). Determine d(3).
2
Let d(y) = -3 - 56909*y + 2*y**2 - 3 + 56916*y. Give d(-6).
24
Let t(a) = 3*a + 4. Let g(b) = -10*b - 11. Let v(h) = -g(h) - 2*t(h). Calculate v(7).
31
Suppose -13*q = q - 70. Let z(j) = -j**3 + 3*j**2 + 6*j + 2. What is z(q)?
-18
Let d(v) = 4*v**2 + 3*v. Let a be d(-2). Let r(w) be the first derivative of -4*w**2 + 8 + a*w**2 - 4*w - 5*w**2. What is r(-6)?
-16
Let v(t) = 2*t - 1. Let a be (-4 - -5)/((-4)/(-116)). Let f = -36 + a. Calculate v(f).
-15
Let z(q) = 29*q**2 - q + 1. Let g be (((-21)/14)/(-3))/((-8)/(-16)). Give z(g).
29
Let u(h) = h**3 - 9*h**2 + 9*h - 2. Suppose 4*v - y - 28 = 0, 4*v + 21*y - 26*y - 12 = 0. Calculate u(v).
6
Let i(o) be the third derivative of -o**4/24 + 2*o**3/3 - 2*o**2 + 13. Determine i(3).
1
Let m(x) = 54*x**2 - 13*x + 18. Let c(s) = 23*s**2 - 7*s + 10. Let a(f) = -7*c(f) + 3*m(f). What is a(-12)?
8
Let x(a) = 2*a**3 + 2*a**2 - 1. Suppose -f = -0*f + r + 6, 5*r + 3 = 4*f. Let h be (-6 + 4)/(1 + f). Calculate x(h).
3
Let i(n) = 7*n + 62. Let j(u) = 3*u + 29. Let p(r) = -2*i(r) + 5*j(r). What is p(-10)?
11
Let d(c) = -3 - 9*c**3 + 10*c**3 - c**2 + 3*c + 0. Let j be d(2). Let x(u) = j*u + 7*u - 4*u - 5*u + 1. Determine x(1).
6
Let p(s) be the first derivative of -s**4/4 + 4*s**3/3 - 2*s**2 + 6*s + 72. What is p(4)?
-10
Suppose -15*b + 9*b = -12. Let p(l) = -l**3 + l**2 - 3*l + 4. Give p(b).
-6
Let x(u) be the third derivative of u**5/30 - u**4/12 + 56*u**2. What is x(4)?
24
Let y be (4 - 6)*(-1 - 0). Suppose 0 = y*w + 3*w + 200. Let p be 30/4*(-32)/w. Let m(v) = -v**3 + 6*v**2 + v - 2. Determine m(p).
4
Let j = -1 + 1. Let g = 35 - 29. Let p(o) = -49*o + g + 4 + 48*o. Determine p(j).
10
Let c(n) be the first derivative of -3*n**2 - 1/6*n**3 - 6 + 0*n + 1/12*n**4. Let z(k) be the second derivative of c(k). Determine z(4).
7
Let u(t) be the third derivative of -t**6/120 - t**5/20 - t**4/24 - t**3/6 - t**2. Suppose 83*q = 81*q. Let s be -5 - (q + (2 + 13)/(-5)). Determine u(s).
-3
Let g(d) = -4*d**2 + 1. Suppose 0 = -0*b - 3*b + 93. Let x = 59 - b. Let y be 4/(-18) - x/36. What is g(y)?
-3
Let q(k) be the third derivative of k**6/360 + k**5/12 - k**4/12 + 11*k**3/6 - 8*k**2. Let a(w) be the first derivative of q(w). Determine a(-10).
-2
Let l = -155 - -159. Let b(o) = 7*o**2 - 6*o. Let x(u) be the second derivative of u**4/2 - 5*u**3/6 + u. Let f(h) = l*b(h) - 5*x(h). What is f(-2)?
-10
Let n(j) = j**3 - 4*j**2 + j + 1. Let c be n(3). Let p be (-4)/6 - (-80)/3. Let v(b) = -3 - p*b + 17*b + 8*b. Determine v(c).
2
Let n(m) = -16*m - 55. Let a(f) = 3*f + 10. Let p(t) = -11*a(t) - 2*n(t). Determine p(-6).
6
Let k = 66 - 64. Let h(z) = z**3 - 1 - 2*z**3 + 0*z**k - 2 - 7*z**2 - 7*z. Give h(-6).
3
Let h = -2 + 4. Let q(m) = m**2 + 168*m - 57*m - 2 - 49*m - 58*m - 1. Give q(h).
9
Let m be (5 + -10 - -2)*5. Let s(u) = u + 9. What is s(m)?
-6
Let u be (11 - 4) + (-128)/16. Let y(w) = 80*w**3 + w**2 + w. Calculate y(u).
-80
Let o(c) be the third derivative of c**4/24 + c**3/6 - 6*c**2. Let s = -32 - -33. What is o(s)?
2
Let g = 10 + -5. Let w(o) = 2*o + 12. Let s(t) = t + 11. Let x(h) = 5*s(h) - 4*w(h). Calculate x(g).
-8
Let b = -15 - -33. Let o = 14 - b. Let k(p) = p**3 + 4*p**2 + 4. What is k(o)?
4
Let j(d) = -3*d + 18. Let l(r) = 8*r - 52. Let b(k) = -17*j(k) - 6*l(k). Give b(-6).
-12
Let p(m) = -6*m + 5. Let v = 8 + -6. Let o(r) = -24*r + 1 + r**v + 0 + 24*r. Let h(a) = -o(a) + p(a). Give h(-5).
9
Suppose 556 - 598 = 6*a. Let w(o) be the second derivative of -o**3/6 - 5*o**2 + 3*o. Calculate w(a).
-3
Let g(a) = a + 10. Let n be g(-7). Suppose n*u - 4*u = -10. Suppose -2*j = r + 1, -u = j + 4*j + 5*r. Let t(l) = -6*l**3 - l + 1. Give t(j).
-6
Suppose -42 = -10*n + 17*n. Let c(l) = l**3 + 7*l**2 + 9*l + 2. Determine c(n).
-16
Let d be -3*(-6)/(-99) + (-72)/(-33). Let b(o) be the third derivative of 0 - 1/6*o**3 + 1/120*o**6 + 1/10*o**5 + 0*o - o**d - 1/24*o**4. Determine b(-6).
5
Let w = 1447/3 + -482. Let h(b) be the first derivative of -b**4 + 0*b + 4 + w*b**3 + 0*b**2. Give h(1).
-3
Let q = -12 - -33. Suppose q - 5 = 4*c. Let m be c/(-1 + 5) - 3. Let z(o) = o**3 + 4*o**2 + o - 2. Determine z(m).
4
Let h(n) = 14*n**2 - 5*n - 6. Let o(w) = -w**3 + 7*w**2 + w - 7. Let q be o(7). Let t(v) = 1 - v**2 + 2*v - v + q*v. Let s(p) = h(p) + 6*t(p). Calculate s(1).
9
Let s(y) = y**2 - 3. Let v = -71 + 71. Let b be s(v). Let w(c) = -2*c**2 - 5*c - 4. Give w(b).
-7
Let k = 63 + -59. Let c(o) = -3 + 2*o**2 + o + k*o**2 - o**3 + 0*o**3 + 6. Give c(6).
9
Let o = -505 + 498. Let p(y) be the third derivative of -y**6/120 - 7*y**5/60 + y**4/12 + 5*y**3/3 + y**2. What is p(o)?
-4
Let t(n) = n**2 - n + 3. Suppose -2*i + 17 = 5. What is t(i)?
33
Let d be 11 - (-35)/(-14)*8/10. Let s(p) = 7*p**2 + 9 + d*p - 9*p**2 + p**2. Give s(8).
17
Let u(y) = 5 + 4*y - 3 - 3. Let b(s) = 0*s - 5*s + 2*s + 2*s. Let a(l) = -6*b(l) - 2*u(l). What is a(3)?
-4
Let w = -8 + 21. Let y = -8 + w. Let b(c) = -c**2 - 7*c - 3. Let d(a) = 3*a**2 + 15*a + 5. Let s(p) = -5*b(p) - 2*d(p). Give s(y).
5
Let n(t) be the second derivative of -9/2*t**2 - 11*t + 0 + 1/6*t**3. Give n(8).
-1
Let v(h) be the third derivative of h**6/120 - h**5/20 - h**4/4 - h**3 - 57*h**2. Determine v(5).
14
Let y(m) = m**2 - 4*m. Let b = 268 + -264. Give y(b).
0
Let s(b) = -2*b**2 + b - 9. Let o(k) = -k**2 + k - 4. Let z(y) = 9*o(y) - 4*s(y). Let r be z(6). Let m(u) = -2*u - 4. Give m(r).
8
Let v(o) = 16*o + 3. Let j(r) = -84*r - 16. Let y(n) = 2*j(n) + 11*v(n). Calculate y(-7).
-55
Suppose 0 = 12*k - 87 + 3. Suppose v = k*v. Let t(l) be the first derivative of -l**2/2 - 7*l + 1. What is t(v)?
-7
Let j(x) = -9757 + 3*x**2 + 31*x**3 - 30*x**3 + 4*x + 9762. Calculate j(-4).
-27
Let c(a) be the second derivative of a**3/3 + a**2 - 82*a. Give c(0).
2
Let m(u) = -11 - 2*u + 17 - 4 + 24*u + 19*u. Calculate m(-1).
-39
Suppose -i - 19 = -5*w, -4*i - 5*w + 12 + 12 = 0. Let p(q) = 11*q - 1. Determine